tor of 12528322?
False
Is 1493820 a multiple of 45?
True
Does 324 divide 6070166?
False
Is 178596 a multiple of 22?
True
Does 19 divide 1524703?
False
Is 8086 a multiple of 40?
False
Is 868 a factor of 7743811?
False
Is 16338218 a multiple of 26?
True
Is 1016408 a multiple of 269?
False
Does 629 divide 14538181?
False
Is 312220 a multiple of 134?
True
Is 58 a factor of 181072?
False
Is 120 a factor of 448440?
True
Is 112 a factor of 2482977?
False
Is 1606 a multiple of 73?
True
Is 248 a factor of 501952?
True
Does 21 divide 74199?
False
Is 1956009 a multiple of 368?
False
Is 43 a factor of 595765?
True
Is 373 a factor of 1793962?
False
Does 522 divide 893664?
True
Is 41 a factor of 4712581?
True
Is 3 a factor of 883877?
False
Does 12 divide 747375?
False
Is 20045711 a multiple of 17?
False
Does 2 divide 1653257?
False
Does 161 divide 199318?
True
Is 13725 a multiple of 145?
False
Does 12 divide 3055476?
True
Does 100 divide 568700?
True
Does 22 divide 976932?
True
Is 151336 a multiple of 8?
True
Is 1368675 a multiple of 25?
True
Is 115 a factor of 69646?
False
Is 357553 a multiple of 49?
True
Is 72 a factor of 157752?
True
Is 64 a factor of 1374016?
True
Is 436 a factor of 1197256?
True
Does 10 divide 1933490?
True
Is 1348477 a multiple of 13?
True
Is 18 a factor of 1134317?
False
Does 526 divide 1489632?
True
Is 514608 a multiple of 302?
True
Is 2843805 a multiple of 449?
False
Is 727713 a multiple of 7?
True
Is 338471 a multiple of 6?
False
Is 228 a factor of 2964?
True
Is 5473869 a multiple of 41?
True
Is 151164 a multiple of 156?
True
Does 32 divide 2148698?
False
Does 42 divide 14448?
True
Is 650399 a multiple of 76?
False
Is 621 a factor of 3511755?
True
Is 577985 a multiple of 20?
False
Is 261 a factor of 2000304?
True
Is 24 a factor of 790800?
True
Does 75 divide 4200?
True
Does 20 divide 629360?
True
Is 359612 a multiple of 42?
False
Is 88580 a multiple of 20?
True
Is 244761 a multiple of 117?
False
Is 5728127 a multiple of 23?
True
Does 706 divide 3868265?
False
Does 20 divide 7126327?
False
Does 98 divide 27342?
True
Is 3769571 a multiple of 56?
False
Does 97 divide 293813?
True
Is 707175 a multiple of 154?
False
Is 116 a factor of 3138496?
True
Does 6 divide 135798?
True
Does 59 divide 2117892?
False
Is 63348 a multiple of 3?
True
Does 3 divide 2241?
True
Is 569 a factor of 581305?
False
Is 3001140 a multiple of 30?
True
Does 14 divide 423432?
False
Does 8 divide 50151?
False
Is 16 a factor of 1821184?
True
Is 828 a factor of 3934840?
False
Is 162316 a multiple of 119?
True
Is 51442 a multiple of 178?
True
Does 155 divide 87110?
True
Does 333 divide 213786?
True
Is 11 a factor of 686576?
True
Is 12585620 a multiple of 38?
False
Is 891617 a multiple of 30?
False
Is 8 a factor of 382179?
False
Is 498 a factor of 770446?
False
Is 8 a factor of 173104?
True
Does 12 divide 462144?
True
Does 32 divide 3648768?
True
Is 1857933 a multiple of 99?
True
Is 94 a factor of 161143?
False
Is 257760 a multiple of 5?
True
Does 13 divide 83120?
False
Does 101 divide 24905085?
True
Is 19 a factor of 130692?
False
Is 229 a factor of 297913?
False
Is 1005469 a multiple of 43?
True
Is 127281 a multiple of 609?
True
Is 8603932 a multiple of 16?
False
Is 12 a factor of 2462352?
True
Does 170 divide 621216?
False
Is 25 a factor of 30200325?
True
Is 5708767 a multiple of 536?
False
Does 13 divide 309019?
False
Does 4 divide 322856?
True
Does 11 divide 455324?
False
Is 34 a factor of 21182?
True
Does 21 divide 2972802?
True
Is 330 a factor of 294191?
False
Is 213548 a multiple of 23?
False
Is 9 a factor of 62541?
True
Is 51 a factor of 10444?
False
Is 205076 a multiple of 146?
False
Does 49 divide 238426?
False
Does 211 divide 17826?
False
Is 22 a factor of 2375494?
True
Is 3712044 a multiple of 642?
True
Is 31504 a multiple of 22?
True
Is 20815616 a multiple of 22?
False
Is 41987 even?
False
Is 223107 a multiple of 118?
False
Does 95 divide 139935?
True
Does 219 divide 4319254?
False
Is 60507 a multiple of 27?
True
Is 13 a factor of 8964350?
False
Is 18 a factor of 28533?
False
Does 19 divide 9567174?
False
Does 29 divide 145725?
True
Is 64 a factor of 171328?
True
Is 6 a factor of 90774?
True
Is 2017758 a multiple of 122?
True
Is 928237 a multiple of 61?
True
Is 115 a factor of 139150?
True
Is 2211270 a multiple of 58?
False
Is 146 a factor of 1317360?
False
Is 135 a factor of 270610?
False
Does 32 divide 6777018?
False
Is 1235682 a multiple of 294?
True
Is 792539 a multiple of 65?
False
Is 32 a factor of 3657280?
True
Does 266 divide 193648?
True
Is 257 a factor of 649155?
False
Does 6 divide 5094?
True
Does 54 divide 533035?
False
Is 10244600 a multiple of 724?
True
Is 38396 a multiple of 29?
True
Is 52405 a multiple of 241?
False
Is 57716 a multiple of 94?
True
Is 500 a factor of 4534500?
True
Is 4153464 a multiple of 9?
True
Is 29915 a multiple of 75?
False
Is 961267 a multiple of 19?
True
Is 534960 a multiple of 4?
True
Is 721 a factor of 2323335?
False
Is 49 a factor of 67522?
True
Is 22 a factor of 80887?
False
Is 737 a factor of 1936099?
True
Does 177 divide 7611?
True
Does 89 divide 1699647?
False
Is 18 a factor of 297054?
True
Is 4 a factor of 517028?
True
Does 2532 divide 17464760?
False
Does 1310 divide 2585940?
True
Is 411653 a multiple of 16?
False
Does 186 divide 3291250?
False
Is 18 a factor of 1066553?
False
Is 628425 a multiple of 513?
True
Is 34 a factor of 389300?
True
Is 11980716 a multiple of 380?
False
Is 69259 a multiple of 5?
False
Is 719908 a multiple of 49?
True
Is 133703 a multiple of 201?
False
Does 1280 divide 232960?
True
Does 66 divide 5520636?
True
Does 959 divide 20022002?
True
Is 1696320 a multiple of 95?
True
Is 3 a factor of 428565?
True
Is 2006425 a multiple of 25?
True
Is 18668 a multiple of 12?
False
Is 26 a factor of 1970743?
False
Is 115 a factor of 4428721?
False
Does 53 divide 7692059?
False
Is 175056 a multiple of 7?
True
Is 435408 a multiple of 94?
True
Is 519892 a multiple of 50?
False
Is 1394145 a multiple of 69?
True
Is 150 a factor of 549945?
False
Does 297 divide 5468158?
False
Is 214 a factor of 1151534?
True
Does 74 divide 170512?
False
Is 4 a factor of 2591660?
True
Is 246 a factor of 489931?
False
Is 30 a factor of 540884?
False
Does 2 divide 19314?
True
Is 297 a factor of 556875?
True
Does 9 divide 396045?
True
Is 18026846 a multiple of 292?
False
Is 1651608 a multiple of 20?
False
Is 15 a factor of 34545?
True
Is 10 a factor of 13850?
True
Is 70559 a multiple of 13?
False
Does 4 divide 266763?
False
Is 35 a factor of 104108?
False
Is 169336 a multiple of 244?
True
Is 20 a factor of 1474202?
False
Is 114608 a multiple of 304?
True
Is 584226 a multiple of 558?
True
Does 124 divide 73807?
False
Does 36 divide 296964?
True
Is 307320 a multiple of 35?
False
Is 102156 a multiple of 6?
True
Is 6 a factor of 22155?
False
Is 968585 a multiple of 19?
False
Is 221197 a multiple of 3?
False
Does 39 divide 161850?
True
Is 8114 a multiple of 154?
False
Is 2 a factor of 7302?
True
Is 237113 a multiple of 149?
False
Is 6073399 a multiple of 1708?
False
Does 324 divide 2349972?
True
Is 246 a factor of 3038100?
True
Is 549976 a multiple of 47?
False
Is 631 a factor of 3158578?
False
Is 192480 a multiple of 42?
False
Is 323806 a multiple of 458?
True
Is 22305 a multiple of 15?
True
Does 33 divide 242464?
False
Is 44 a factor of 371360?
True
Does 16 divide 32644?
False
Is 38 a factor of 197201?
False
Is 5 a factor of 672657?
False
Does 7 divide 1905292?
False
Is 138692 even?
True
Is 2446519 even?
False
Does 16 divide 1443102?
False
Is 15694349 a multiple of 17?
True
Is 707820 a multiple of 564?
True
Does 73 divide 390185?
True
Is 326705 a multiple of 95?
True
Does 72 divide 399888?
True
Is 31 a factor of 513892?
False
Is 11 a factor of 449240?
True
Is 680579 a multiple of 587?
False
Does 31 divide 9238?
True
Is 592 a factor of 4281344?
True
Is 2152003 a multiple of 964?
False
Is 27885287 a multiple of 139?
False
Does 19 divide 593389?
True
Is 2844788 a multiple of 416?
False
Does 1178 divide 1598390?
False
Does 40 divide 93940?
False
Is 6092569 a multiple of 7?
True
Is 19215 a multiple of 35?
True
Does 166 divide 1019240?
True
Is 48835 a multiple of 134?
False
Is 200 a factor of 7987?
False
Is 14 a factor of 3925?
